{"id":15509,"date":"2018-03-28T19:54:59","date_gmt":"2018-03-28T17:54:59","guid":{"rendered":"https:\/\/www.fente-palatine.com\/embryologie\/"},"modified":"2019-03-19T17:58:34","modified_gmt":"2019-03-19T16:58:34","slug":"embryologie","status":"publish","type":"page","link":"https:\/\/www.fente-palatine.com\/ca\/embryologie\/","title":{"rendered":"Embriologia"},"content":{"rendered":"<p>[vc_row css_animation=&#8221;&#8221; row_type=&#8221;row&#8221; use_row_as_full_screen_section=&#8221;no&#8221; type=&#8221;full_width&#8221; angled_section=&#8221;no&#8221; text_align=&#8221;left&#8221; background_image_as_pattern=&#8221;without_pattern&#8221; el_class=&#8221;box-title-top&#8221; z_index=&#8221;&#8221;][vc_column][vc_column_text]<\/p>\n<h1 style=\"text-align: center;\">Embriologia<\/h1>\n<p>[\/vc_column_text][\/vc_column][\/vc_row][vc_row css_animation=&#8221;&#8221; row_type=&#8221;row&#8221; use_row_as_full_screen_section=&#8221;no&#8221; type=&#8221;grid&#8221; angled_section=&#8221;no&#8221; text_align=&#8221;left&#8221; background_image_as_pattern=&#8221;without_pattern&#8221; z_index=&#8221;&#8221;][vc_column][vc_column_text el_class=&#8221;content-style&#8221;]El llavi lepor\u00ed i paladar s\u00f3n malformacions cong\u00e8nites, \u00e9s a dir, constatades al n\u00e9ixer. En la formaci\u00f3 de la cara del nen, tres punts es troben i es fusionen sota el nas per formar el llavi superior. Aquesta fusi\u00f3 dels punts facials te lloc al final del primer mes d&#8217;embar\u00e0s cap al 36\u0364 dia. De vegades, la fusi\u00f3 no es produeix i queda la fissura entre els punts, si aquest defecte afecta un sol costat, la fissura \u00e9s unilateral, si afecta a banda i banda, la fissura \u00e9s bilateral.<\/p>\n<p>Per al paladar, dues crestes es redueixen, s\u2019apropen i s&#8217;uneixen al mig, cap al 40\u0364 dia. Aquest tancament es produeix progressivament a partir d\u2019 endavant cap enrere fins a formar la campaneta a l&#8217;extrem posterior. El frac\u00e0s de la fusi\u00f3 entre aquestes dues capes provoca la fissura palatina.<\/p>\n<p>La veritable causa del frac\u00e0s de la fusi\u00f3 entre els punts encara no se sap realment. \u00c9s probable l&#8217;origen gen\u00e8tic, equips dels EUA han identificat els gens m\u00e9s freq\u00fcents en els casos de les fissures (Nature Genetics, maig de 2010). Per\u00f2 nom\u00e9s demostra els casos de fissura palatina associades a altres malformacions, s\u00edndrome de Van der Woud, per exemple. El tabac, els medicaments (antiepil\u00e8ptics) per la mare, tamb\u00e9 poden ser responsables de l&#8217;aparici\u00f3 d&#8217;una fissura en el nad\u00f3.[\/vc_column_text][\/vc_column][\/vc_row][vc_row css_animation=&#8221;&#8221; row_type=&#8221;row&#8221; use_row_as_full_screen_section=&#8221;no&#8221; type=&#8221;full_width&#8221; angled_section=&#8221;no&#8221; text_align=&#8221;left&#8221; background_image_as_pattern=&#8221;without_pattern&#8221; background_color=&#8221;#f7f7f7&#8243; css=&#8221;.vc_custom_1522169813821{margin-top: 60px !important;padding-top: 30px !important;padding-bottom: 30px !important;}&#8221; z_index=&#8221;&#8221;][vc_column][vc_row_inner row_type=&#8221;row&#8221; type=&#8221;grid&#8221; text_align=&#8221;left&#8221; css_animation=&#8221;&#8221; el_class=&#8221;row-img-legende&#8221;][vc_column_inner width=&#8221;1\/3&#8243;][vc_single_image image=&#8221;16964&#8243; img_size=&#8221;full&#8221; qode_css_animation=&#8221;&#8221;][vc_column_text]<strong>Defecte de tancament bilateral al comen\u00e7ament de la fractura bilateral bilateral bilatera<\/strong>[\/vc_column_text][\/vc_column_inner][vc_column_inner width=&#8221;1\/3&#8243;][vc_single_image image=&#8221;16963&#8243; img_size=&#8221;full&#8221; qode_css_animation=&#8221;&#8221;][vc_column_text]<strong>Falla de tancament al principi del pal ple unilateral del paladar de la fossa<\/strong>[\/vc_column_text][\/vc_column_inner][vc_column_inner width=&#8221;1\/3&#8243;][vc_single_image image=&#8221;16965&#8243; img_size=&#8221;full&#8221; qode_css_animation=&#8221;&#8221;][vc_column_text]<strong>tancament de defecte al final de la fusi\u00f3 llavi esquerr\u00e0 a\u00efllat<\/strong>[\/vc_column_text][\/vc_column_inner][\/vc_row_inner][\/vc_column][\/vc_row]<\/p>\n","protected":false},"excerpt":{"rendered":"<p>[vc_row css_animation=&#8221;&#8221; row_type=&#8221;row&#8221; use_row_as_full_screen_section=&#8221;no&#8221; type=&#8221;full_width&#8221; angled_section=&#8221;no&#8221; text_align=&#8221;left&#8221; background_image_as_pattern=&#8221;without_pattern&#8221; el_class=&#8221;box-title-top&#8221; z_index=&#8221;&#8221;][vc_column][vc_column_text] Embriologia [\/vc_column_text][\/vc_column][\/vc_row][vc_row css_animation=&#8221;&#8221; row_type=&#8221;row&#8221; use_row_as_full_screen_section=&#8221;no&#8221; type=&#8221;grid&#8221; angled_section=&#8221;no&#8221; text_align=&#8221;left&#8221; background_image_as_pattern=&#8221;without_pattern&#8221; z_index=&#8221;&#8221;][vc_column][vc_column_text el_class=&#8221;content-style&#8221;]El llavi&#8230;<\/p>\n","protected":false},"author":2,"featured_media":0,"parent":0,"menu_order":0,"comment_status":"open","ping_status":"open","template":"full_width.php","meta":{"_acf_changed":false,"footnotes":""},"class_list":["post-15509","page","type-page","status-publish","hentry"],"acf":[],"_links":{"self":[{"href":"https:\/\/www.fente-palatine.com\/ca\/wp-json\/wp\/v2\/pages\/15509","targetHints":{"allow":["GET"]}}],"collection":[{"href":"https:\/\/www.fente-palatine.com\/ca\/wp-json\/wp\/v2\/pages"}],"about":[{"href":"https:\/\/www.fente-palatine.com\/ca\/wp-json\/wp\/v2\/types\/page"}],"author":[{"embeddable":true,"href":"https:\/\/www.fente-palatine.com\/ca\/wp-json\/wp\/v2\/users\/2"}],"replies":[{"embeddable":true,"href":"https:\/\/www.fente-palatine.com\/ca\/wp-json\/wp\/v2\/comments?post=15509"}],"version-history":[{"count":0,"href":"https:\/\/www.fente-palatine.com\/ca\/wp-json\/wp\/v2\/pages\/15509\/revisions"}],"wp:attachment":[{"href":"https:\/\/www.fente-palatine.com\/ca\/wp-json\/wp\/v2\/media?parent=15509"}],"curies":[{"name":"wp","href":"https:\/\/api.w.org\/{rel}","templated":true}]}}

<p>[vc_row css_animation=&#8221;&#8221; row_type=&#8221;row&#8221; use_row_as_full_screen_section=&#8221;no&#8221; type=&#8221;full_width&#8221; angled_section=&#8221;no&#8221; text_align=&#8221;left&#8221; background_image_as_pattern=&#8221;without_pattern&#8221; el_class=&#8221;box-title-top&#8221; z_index=&#8221;&#8221;][vc_column][vc_column_text]</p>
<h1 style="text-align: center;">Embriologia</h1>
<p>[/vc_column_text][/vc_column][/vc_row][vc_row css_animation=&#8221;&#8221; row_type=&#8221;row&#8221; use_row_as_full_screen_section=&#8221;no&#8221; type=&#8221;grid&#8221; angled_section=&#8221;no&#8221; text_align=&#8221;left&#8221; background_image_as_pattern=&#8221;without_pattern&#8221; z_index=&#8221;&#8221;][vc_column][vc_column_text el_class=&#8221;content-style&#8221;]El llavi leporí i paladar són malformacions congènites, és a dir, constatades al néixer. En la formació de la cara del nen, tres punts es troben i es fusionen sota el nas per formar el llavi superior. Aquesta fusió dels punts facials te lloc al final del primer mes d&#8217;embaràs cap al 36ͤ dia. De vegades, la fusió no es produeix i queda la fissura entre els punts, si aquest defecte afecta un sol costat, la fissura és unilateral, si afecta a banda i banda, la fissura és bilateral.</p>
<p>Per al paladar, dues crestes es redueixen, s’apropen i s&#8217;uneixen al mig, cap al 40ͤ dia. Aquest tancament es produeix progressivament a partir d’ endavant cap enrere fins a formar la campaneta a l&#8217;extrem posterior. El fracàs de la fusió entre aquestes dues capes provoca la fissura palatina.</p>
<p>La veritable causa del fracàs de la fusió entre els punts encara no se sap realment. És probable l&#8217;origen genètic, equips dels EUA han identificat els gens més freqüents en els casos de les fissures (Nature Genetics, maig de 2010). Però només demostra els casos de fissura palatina associades a altres malformacions, síndrome de Van der Woud, per exemple. El tabac, els medicaments (antiepilèptics) per la mare, també poden ser responsables de l&#8217;aparició d&#8217;una fissura en el nadó.[/vc_column_text][/vc_column][/vc_row][vc_row css_animation=&#8221;&#8221; row_type=&#8221;row&#8221; use_row_as_full_screen_section=&#8221;no&#8221; type=&#8221;full_width&#8221; angled_section=&#8221;no&#8221; text_align=&#8221;left&#8221; background_image_as_pattern=&#8221;without_pattern&#8221; background_color=&#8221;#f7f7f7&#8243; css=&#8221;.vc_custom_1522169813821{margin-top: 60px !important;padding-top: 30px !important;padding-bottom: 30px !important;}&#8221; z_index=&#8221;&#8221;][vc_column][vc_row_inner row_type=&#8221;row&#8221; type=&#8221;grid&#8221; text_align=&#8221;left&#8221; css_animation=&#8221;&#8221; el_class=&#8221;row-img-legende&#8221;][vc_column_inner width=&#8221;1/3&#8243;][vc_single_image image=&#8221;16964&#8243; img_size=&#8221;full&#8221; qode_css_animation=&#8221;&#8221;][vc_column_text]<strong>Defecte de tancament bilateral al començament de la fractura bilateral bilateral bilatera</strong>[/vc_column_text][/vc_column_inner][vc_column_inner width=&#8221;1/3&#8243;][vc_single_image image=&#8221;16963&#8243; img_size=&#8221;full&#8221; qode_css_animation=&#8221;&#8221;][vc_column_text]<strong>Falla de tancament al principi del pal ple unilateral del paladar de la fossa</strong>[/vc_column_text][/vc_column_inner][vc_column_inner width=&#8221;1/3&#8243;][vc_single_image image=&#8221;16965&#8243; img_size=&#8221;full&#8221; qode_css_animation=&#8221;&#8221;][vc_column_text]<strong>tancament de defecte al final de la fusió llavi esquerrà aïllat</strong>[/vc_column_text][/vc_column_inner][/vc_row_inner][/vc_column][/vc_row]</p>
